k) = -53*k**2 + 12782*k - 2169. Give z(241).
0
Let v(c) = 21*c**3 + 5*c**2 - 207*c - 638. What is v(-3)?
-539
Let w(m) = 50*m - 181. Calculate w(6).
119
Let g(v) = -3*v**2 + 204*v - 3694. Calculate g(36).
-238
Let y(o) = -3*o**2 + 2*o - 94. Calculate y(-11).
-479
Let t(m) = m**3 - 13*m**2 - 2149*m + 33622. Calculate t(16).
6
Let z(i) = -785*i**2 - 187*i + 1. Determine z(-1).
-597
Let p(h) = h**3 + 734*h**2 - 625*h + 80994. Determine p(-735).
144
Let v(k) = -1184*k + 454586. Give v(384).
-70
Let c(k) = 75*k**2 + 167*k - 181. Give c(-3).
-7
Let x(m) = 2232*m + 20. Determine x(0).
20
Let w(x) = -137*x**2 - 32469*x + 34. Give w(-237).
34
Let z(q) = -17380*q - 30015266. What is z(-1727)?
-6
Let b(f) = f**3 - 50*f**2 + 202*f - 5006. Determine b(48).
82
Let j(d) = 61*d + 1424. Determine j(-20).
204
Let t(y) = -y**3 - 369*y**2 + 1064*y - 19339. Determine t(-372).
5
Let p(a) = -11618*a - 2335244. Calculate p(-201).
-26
Let u(o) = -o**2 - 2849*o + 14263. Determine u(5).
-7
Let o(x) = -4*x**3 + 6*x**2 - 5*x + 125. What is o(-7)?
1826
Let a(l) = 60*l**3 - l**2 + 1215*l + 1218. Give a(-1).
-58
Let m(i) = -901*i + 34282. Determine m(38).
44
Let l(j) = -17960*j - 71880. Determine l(-4).
-40
Let q(x) = 2*x**2 + 256*x + 915. What is q(-123)?
-315
Let t(c) = 853*c + 15755. Determine t(-17).
1254
Let p(z) = 75773*z - 454653. Determine p(6).
-15
Let z(x) = x**3 - 132*x**2 + 4313*x - 4269. What is z(55)?
21
Let c(g) = 363435*g - 1817107. Determine c(5).
68
Let a(r) = -253*r**3 + 4560*r**2 + 10*r + 19. Give a(18).
2143
Let r(f) = -8655*f - 35643. What is r(-4)?
-1023
Let m(z) = 31*z**2 - 1480*z - 339. Calculate m(48).
45
Let n(o) = 80935*o - 161686. Calculate n(2).
184
Let k(z) = 2330*z + 1712526. Give k(-735).
-24
Let m(n) = n**2 - 5483*n - 143238. Give m(-26).
-4
Let t(l) = 594*l**3 + 5*l**2 + 23*l - 25. Calculate t(1).
597
Let j(c) = -7*c**2 + 3190*c - 274289. What is j(115)?
-14
Let w(j) = -j**3 + 4*j**2 + 83*j + 24. Calculate w(8).
432
Let g(q) = 390*q**2 - 6583*q + 6585. What is g(1)?
392
Let u(f) = -5315*f + 154140. Calculate u(29).
5
Let u(j) = -37773*j + 528801. Determine u(14).
-21
Let b(q) = -24*q + 863. Calculate b(34).
47
Let o(j) = 3*j**3 + 49*j**2 - 567*j - 128. Calculate o(8).
8
Let z(u) = 2166*u + 12806. What is z(-6)?
-190
Let q(y) = -44*y**3 + 882*y**2 - 174*y + 2695. Determine q(20).
15
Let w(z) = 569*z + 14679. Determine w(-32).
-3529
Let s(b) = -3649*b**2 + 51076*b + 33. Determine s(14).
-107
Let a(o) = -18034*o + 71681. Calculate a(4).
-455
Let m(n) = -n**2 + 37*n + 32612. Give m(200).
12
Let m(c) = 183*c + 19116. Determine m(-104).
84
Let y(c) = c**3 + 29*c**2 + 187*c - 167. Determine y(-12).
37
Let n(d) = -1626*d**3 + 39*d**2 + 9*d. Calculate n(-1).
1656
Let u(h) = -18029*h + 144217. What is u(8)?
-15
Let r(t) = t**2 + 141*t + 4743. Calculate r(-63).
-171
Let w(d) = -d**3 - 3300*d**2 + 53277*d + 732838. What is w(-3316)?
2
Let b(j) = -j**3 - 84*j**2 - 1730*j - 25641. Determine b(-63).
0
Let q(k) = -k**3 + 200*k**2 - 99*k - 1479. Give q(3).
-3
Let c(i) = -i**3 - 16*i**2 + 38*i + 277. Calculate c(-17).
-80
Let q(h) = -5518*h - 971063. Determine q(-176).
105
Let x(s) = 1592*s - 85816. What is x(54)?
152
Let b(p) = -4*p**2 - 12*p - 685. What is b(9)?
-1117
Let h(c) = 19736*c - 78883. Determine h(4).
61
Let i(y) = -343*y + 3984. What is i(10)?
554
Let p(q) = 4*q**2 + 5588*q + 804586. Calculate p(-163).
18
Let q(l) = 2*l**3 - 164*l**2 + 641*l - 82129. Determine q(84).
-61
Let q(h) = 636215*h + 3181076. Give q(-5).
1
Let k(p) = -10*p**3 - 25*p**2 - 46*p - 2. Calculate k(-5).
853
Let t(g) = -64*g**3 - 467*g**2 - 24*g + 29. What is t(-7)?
-734
Let a(u) = 2*u**3 + 65*u**2 + 362*u - 67. Calculate a(-25).
258
Let g(x) = -1464*x - 691014. Calculate g(-472).
-6
Let h(v) = 76*v**2 - 10030*v - 101. Give h(132).
163
Let c(m) = -2*m**3 - 134*m**2 - 1700*m - 65. What is c(-50)?
-65
Let t(u) = -12*u**2 + 5140*u - 257755. Calculate t(58).
-3
Let u(m) = -m**2 - 358*m - 12989. Calculate u(-41).
8
Let n(c) = 4*c**2 - 4676*c + 91795. What is n(20)?
-125
Let s(w) = 6*w**2 - 1047*w - 6356. Calculate s(-6).
142
Let d(y) = -2228*y**3 + 4684*y + 4685. Determine d(-1).
2229
Let s(h) = -2*h**3 - 691*h**2 - 1732*h - 240803. Determine s(-344).
-3
Let h(g) = g**2 + 20*g - 213. Determine h(-33).
216
Let q(f) = -6*f**3 + 6*f**2 + 795*f - 789. What is q(1)?
6
Let n(y) = y**3 + 14*y**2 - 45*y + 216. What is n(6)?
666
Let z(t) = -2*t**3 - 406*t**2 - 795*t + 1816. Determine z(-201).
7
Let r(k) = -184*k - 33007. Determine r(-178).
-255
Let l(n) = -12*n**2 - 445*n. What is l(-37)?
37
Let m(u) = -3*u**3 - 149*u**2 - 8985*u - 435454. Determine m(-49).
9
Let b(h) = -8609*h + 43082. Determine b(5).
37
Let q(n) = 465*n**2 + 19513*n + 136. Determine q(-42).
850
Let l(a) = -399*a**2 + 21706*a + 13133. Calculate l(55).
-12
Let g(b) = b**3 - 44*b**2 - 24*b + 4587. Determine g(42).
51
Let o(x) = 23*x**2 + 2087*x - 3014. Calculate o(-92).
-346
Let m(b) = -b**3 + 15*b**2 + 143*b - 183. Calculate m(17).
1670
Let l(h) = 2*h**2 + 548*h + 13237. Determine l(-247).
-101
Let b(p) = -7*p**2 + 416*p - 2245. Determine b(6).
-1
Let a(s) = -s**3 + 389*s**2 - 36818*s - 31810. Give a(224).
-2
Let b(m) = -660*m + 3741. Determine b(6).
-219
Let r(i) = i**2 - 204*i + 10414. Determine r(104).
14
Let x(o) = -65025*o + 1105400. Determine x(17).
-25
Let o(b) = -2*b + 646. Calculate o(49).
548
Let c(d) = d**2 + 85*d + 1907. Determine c(-74).
1093
Let a(t) = 19127*t + 248636. Calculate a(-13).
-15
Let j(o) = -17*o**3 - 44*o**2 + 53*o - 89. What is j(-4)?
83
Let y(o) = 60642*o + 60648. What is y(-1)?
6
Let a(r) = 34*r**2 + 582*r + 1711. Give a(-3).
271
Let u(x) = -8*x**3 - 56*x**2 - 6459*x - 45212. What is u(-7)?
1
Let n(z) = -z**3 + 113*z**2 - 2746*z + 4933. Give n(32).
5
Let w(k) = 937*k + 345848. Calculate w(-369).
95
Let u(j) = j**2 + 259*j + 4752. What is u(-24)?
-888
Let n(p) = -5426*p + 206200. Determine n(38).
12
Let h(p) = p**3 + 599*p**2 - 7036*p - 4214570. Calculate h(-599).
-6
Let g(v) = 447*v**2 - 97*v + 98. What is g(1)?
448
Let w(n) = -358*n + 44406. Calculate w(124).
14
Let o(w) = -664*w - 8674. Calculate o(-15).
1286
Let z(q) = -2*q**3 + 80*q**2 + 20*q + 2575. Calculate z(41).
33
Let n(j) = -21*j - 142. What is n(-36)?
614
Let x(y) = 13*y**2 + 1142*y + 959. Give x(-87).
2
Let g(j) = -6*j**2 - 155*j + 5839. What is g(-48)?
-545
Let i(c) = -c**2 - 1110*c + 18016. Determine i(16).
0
Let l(x) = -x**3 + 8*x**2 + 402*x - 4459. Give l(14).
-7
Let b(n) = -127*n + 17319. What is b(140)?
-461
Let b(h) = 428*h - 3239. Determine b(9).
613
Let m(z) = z**3 - 382*z**2 + 1584*z - 753366. Give m(383).
-5
Let n(y) = -y**3 + 26*y**2 + 350*y - 97. Give n(-10).
3
Let x(r) = -r**2 - 3534353*r - 28274762. Give x(-8).
-2
Let q(f) = f**3 + 97*f**2 + 90*f - 629. Give q(-96).
-53
Let p(g) = -19*g**2 - 78*g - 57. Calculate p(-4).
-49
Let g(p) = 1842*p + 16128. What is g(-8)?
1392
Let i(m) = -7*m**3 - 726*m**2 - 720*m + 6. What is i(-1)?
7
Let u(f) = 15663*f - 46777. What is u(3)?
212
Let r(h) = -806*h**2 + 3176*h - 8. Give r(4).
-200
Let k(w) = w**3 + 275*w**2 - 11057*w + 43238. What is k(-311)?
9
Let n(u) = 54909*u - 604005. Determine n(11).
-6
Let m(o) = -o**2 - 6936*o - 296383. Calculate m(-43).
16
Let q(a) = -a**3 - 79*a**2 + 208*a + 3789. Give q(-81).
63
Let s(d) = d**3 + 9*d**2 + 31*d + 390. What is s(-10)?
-20
Let d(b) = -219*b - 45977. Calculate d(-210).
13
Let v(w) = 14*w**2 + 3290*w + 3222. Determine v(-234).
-54
Let b(h) = 2059*h - 193. Give b(0).
-193
Let a(q) = -1166*q + 7485. Calculate a(8).
-1843
Let c(g) = g**2 - 2*g - 1864. What is c(44)?
-16
Let a(u) = -59*u + 2606. Determine a(42).
128
Let o(l) = 566*l - 186217. Give o(329).
-3
Let y(m) = 911*m - 10718. Give y(12).
214
Let n(h) = -43*h**2 - 876*h + 136. Give n(-20).
456
Let y(l) = -l**3 + 8*l**2 + 127*l + 14. Calculate y(15).
344
Let g(i) = 3921*i + 23682. Determine g(-6).
156
Let r(u) = -2*u**3 + 20*u**2 + 498*u - 5195. Determine r(10).
-215
Let j(x) = -61*x - 2421. Give j(-51).
690
Let j(t) = 2*t**2 + 1282*t - 11701. Calculate j(9).
-1
Let n(k) = -k**2 - 74*k + 2044. Determine n(-93).
277
Let y(b) = 8*b**2 + 2465*b - 2190. Calculate y(-309).
-27
Let s(g) = 221857*g + 443714. Determine s(-2).
0
Let s(x) = 945*x + 99613. Calculate s(-105).
388
Let a(i) =